me factors of (q + -4)/(2/(-4)).
2, 5
Suppose 5*l = -2*d + 347, 4*d - 1 - 3 = 0. List the prime factors of l.
3, 23
Suppose p = -2*k + 184, 376 = 4*k - p + 8. What are the prime factors of k?
2, 23
Suppose 1 = 3*m + 19. Let d = m - -11. What are the prime factors of d?
5
Let t be 0/2 + 5 - 2. Suppose 4*v + 4 = 0, 17 = 3*b + t*v - 2*v. What are the prime factors of b?
2, 3
Let v = 3 + 3. Let b = 161 - 293. What are the prime factors of ((-4)/v)/(8/b)?
11
Let k(u) be the third derivative of -u**5/40 - 5*u**4/24 - 2*u**3/3 + u**2. Let i(n) be the first derivative of k(n). What are the prime factors of i(-7)?
2
Let o(m) = 2*m - 3. Suppose -l + 1 = 5*r, 5*r - 24 = r + 5*l. Let u = 6 - r. List the prime factors of o(u).
7
Let f = -1 + 17. List the prime factors of f.
2
Let k = -7 + 12. Suppose -2*u + 6 = 2*l + 2*u, -4*u = k*l - 45. List the prime factors of l.
13
Let d(t) = -10*t**3 + 9*t**2 - 13*t + 5. Let v(r) = -7*r**3 + 6*r**2 - 9*r + 3. Let w(p) = -5*d(p) + 7*v(p). What are the prime factors of w(3)?
2
Let b = 86 + 236. What are the prime factors of b?
2, 7, 23
Let q(i) = i**2 - 2. Suppose -k - 4 = -2*k. List the prime factors of q(k).
2, 7
Suppose -6*f = -2*f - 12. Let a(x) = x**3 + 2*x**2 + f*x**2 - 3 + 2*x**3 - 4*x**3. List the prime factors of a(3).
3, 5
Suppose 6*j - k - 67 = 2*j, -k = 3*j - 59. List the prime factors of j.
2, 3
Suppose 201 = 3*s + i, 0 = 5*s - 4*s - i - 63. What are the prime factors of s?
2, 3, 11
Suppose 38 = 2*w + 4*q, 0 = -2*w - 2*q + 32 - 2. List the prime factors of w.
11
Suppose -4 - 2 = -2*j. Suppose -f + 2*x = -3, -2*f + j*f = -2*x + 19. Suppose -7 = -2*t + f. List the prime factors of t.
3
Let m be 2 - (2 + 1) - 6. Let c = m + 12. Suppose c*a = a + 28. List the prime factors of a.
7
Suppose -4*c + 5*y + 21 = -6, -5*y = 15. Let l(m) = -m**3 + 5*m**2 - 5*m + 2. Let f be l(c). Suppose 0 = f*z - 26 - 4. What are the prime factors of z?
2, 3
Let h(o) = -20*o - 17. List the prime factors of h(-5).
83
Let t(d) = 1 + 5*d**3 + d**2 - 4*d**3 + 3*d**2 - d**2 - 3*d. List the prime factors of t(2).
3, 5
Suppose -67 = -4*p + 345. What are the prime factors of p?
103
Suppose 5*a - 45 = 3*s, 3*a - 23 = 5*s - 4*s. Suppose -2*j + 3*j - a = 0. Suppose 1 = -d + j. List the prime factors of d.
5
Let y = -56 + 145. List the prime factors of y.
89
Let r = 8 - 5. Suppose -r*n + 61 = 10. What are the prime factors of n?
17
Suppose o + 670 = 4*d - 923, 6 = 2*o. List the prime factors of d.
3, 7, 19
Suppose -2*g = -7 + 3. Suppose g*l = 11 + 9. What are the prime factors of l?
2, 5
Let h(v) = v**2 + 3*v - 1. Let l = -3 - -6. Let a = l - 7. What are the prime factors of h(a)?
3
Let c(w) = -w**2 + w + 3. Let v be (-1)/(-1) - (-1)/(-1). Let a be c(v). Suppose 3*d = -3*l + l + 1, 0 = -3*l - 4*d + a. What are the prime factors of l?
5
Suppose 3*o + y = 2*y + 200, -4*o + 2*y + 268 = 0. What are the prime factors of o?
2, 3, 11
Let h = -9 - 4. Let u = -5 - 0. Let l = u - h. What are the prime factors of l?
2
Let n be (-1 - (-46)/(-6))*-21. What are the prime factors of 6/(-8) - n/(-8)?
2, 11
Suppose 0*s + 4*y = 4*s + 4, -4*s - 7 = -3*y. Let a be 2/((-6)/(1 - 4)). List the prime factors of (-9)/6*s - a.
5
Let v = -14 + 8. Suppose 0 = k, 3*c - 5*k = -2*c + 40. Let j = c + v. List the prime factors of j.
2
Let n = 433 - 160. What are the prime factors of n?
3, 7, 13
Suppose -3*m = -269 - 433. What are the prime factors of m?
2, 3, 13
Let s(w) = -w**2 + 9*w - 6. Let c = -10 - -16. Suppose -2*h + h + c = 0. What are the prime factors of s(h)?
2, 3
Let j = -50 - -74. Suppose 2*c + 14 = 2*n, 2*n - j = -4*c + c. What are the prime factors of n?
3
Suppose -3 = -0*w - 3*w. Let k = 2 + w. What are the prime factors of -2 + (-8)/(-2) + k?
5
Suppose 4*i - 16 = -0*i. What are the prime factors of i?
2
Let n(m) = -2*m**2 + 6*m + 5. Let x(k) = 2*k**2 - 2 + k**2 - 7 - 13*k. Let i(q) = 5*n(q) + 3*x(q). List the prime factors of i(-8).
2, 3
Let i(g) = g**3 + 7*g**2 - 6*g - 4. Let t be i(-7). Suppose -5*m + 37 = -t. List the prime factors of m.
3, 5
Let u(h) = h**3 - 8*h**2 + 5*h - 8. Let i be u(8). List the prime factors of 264/i + 1/(-4).
2
Suppose 5*k - 36 = 74. Let p = 0 + k. List the prime factors of p.
2, 11
Let u(j) = -j - 1. Let p(c) be the first derivative of c**2 + c + 3. Let s be p(-4). List the prime factors of u(s).
2, 3
Let p(m) = m**3 + 7*m**2 + 2*m + 4. Let i(r) = -r**3 - 9*r**2 + 2*r + 12. Let d be i(-9). What are the prime factors of p(d)?
2, 7
Suppose 3*r = 136 + 44. Let d = r + -18. What are the prime factors of d?
2, 3, 7
Let z = -66 + 109. Let f be (2/(-6))/((-1)/6). Suppose -t = -3*t - 2*c + 8, 5*c + z = f*t. List the prime factors of t.
3
Let g = 25 + -14. List the prime factors of g.
11
Let c be (12/5)/((-7)/(-35)). Suppose -2*s + 21 + c = 3*x, 4*x - s - 55 = 0. What are the prime factors of x?
13
Let l(g) = 10*g - 56. Let x(v) = 3*v - 19. Let a(d) = 2*l(d) - 7*x(d). What are the prime factors of a(0)?
3, 7
Let c(a) = a. Let g(f) = 3*f + 2. Let m(n) = 5*c(n) - g(n). Suppose 0 = -5*x + 3 + 22. List the prime factors of m(x).
2
Let j be (-4)/(-1)*(-10)/(-8). Let w = j - 4. What are the prime factors of (-5 - 0)/(w - 2)?
5
Let z(s) = -s**2 + 8*s - 7. Let t be z(6). Suppose 38 = 5*f - 7. Let k = f - t. List the prime factors of k.
2
Let g = 71 + -48. Let h = 9 - g. List the prime factors of 4/h - 102/(-14).
7
Suppose -3*m + 8*m - 118 = -3*c, 4*c + m = 146. What are the prime factors of c?
2, 3
Let o(q) = 2*q**2 + 4*q + 3. What are the prime factors of o(-6)?
3, 17
Let w(l) = 118*l. List the prime factors of w(1).
2, 59
Let f(i) = -i**3 - 4*i**2 + 3. Let n(m) = m**2 - 3*m - 3. Let r be n(3). Let j = -7 - r. What are the prime factors of f(j)?
3
Let v = 25 + 16. Suppose 0 = -a - 2*y - 2*y + 13, -v = -4*a - 5*y. What are the prime factors of a?
3
What are the prime factors of (((-56)/7)/32)/((-2)/904)?
113
Let l(i) = 0 + 0 - 2*i - 3. Let n(a) = a**3 + 6*a**2 + 3*a + 9. Let q be n(-6). What are the prime factors of l(q)?
3, 5
Let a = -12 - -63. Let t be 176/(-5) - 8/(-40). Let v = t + a. List the prime factors of v.
2
Suppose 5*j + 70 = -0*j. Let s be 32/14 + 4/j. List the prime factors of ((1 - -6) + -1)*s.
2, 3
Suppose 3*s - 16 = 32. List the prime factors of s.
2
Let u(p) = p**2 - 3*p - 6. Let w be u(5). Suppose -w*t = -2*t - 66. What are the prime factors of t?
3, 11
What are the prime factors of -3*(-25)/3 - -2?
3
Suppose -4*w + 60 = r, -4*r + 264 = r + 2*w. What are the prime factors of r?
2, 13
Let l(a) = a**3 - 7*a**2 + 6*a - 7. Let i be l(5). Let f = i - -66. List the prime factors of f.
3, 13
What are the prime factors of (-365)/(-10) - 1/2?
2, 3
Suppose 0 = o - 5*q + 18, -4*q + 22 = 5*o - q. Let v = 8 - o. What are the prime factors of v?
2, 3
Let l = -120 + 66. Let k = l + 94. List the prime factors of ((-1)/2)/((-2)/k).
2, 5
Suppose -2*a + 2*k = -2, 2*k + 5 = 5*a - 0*k. Let z be (a*-2)/(-7 - -5). List the prime factors of (z - 20)/(2/(-2)).
19
Suppose 2*z = 2*d + 4, -3*d = -z - 0*d. Suppose -5*y = -b - 17, z*b = 2*y + 3 - 15. List the prime factors of y.
3
Suppose 0 = 4*d + 6*b - b - 12, 0 = 4*b. Suppose d*v - 5*v - 14 = 0. Let w = 0 - v. What are the prime factors of w?
7
Let g = -8 - 2. What are the prime factors of 15/g*-6*1?
3
Suppose -4*x - 131 = -35. What are the prime factors of -1 + (-4)/6*x?
3, 5
Suppose 61 + 41 = 3*c. List the prime factors of c.
2, 17
Let m = -58 + 93. What are the prime factors of m?
5, 7
Let x(r) be the first derivative of -r**3/3 - r**2/2 + 6*r - 1. Let g be x(-7). Let d = -24 - g. List the prime factors of d.
2, 3
Let o(r) = r**2 - 1. Let f be o(-1). Suppose f = 2*c - 3*c + k + 12, -4*k + 105 = 5*c. What are the prime factors of c?
17
Suppose 5*i = -4*l - 19, -l - i - 2 = 2. List the prime factors of -3 - (-2 - l)*54.
3, 17
Let r be (3 + 30/(-9))*3. Let z = r - -4. What are the prime factors of z?
3
Let r(k) be the second derivative of k**4/12 - k**3/6 + 19*k**2 - 5*k. What are the prime factors of r(0)?
2, 19
Let g be (-1)/((-2)/(1 + 5)). Let q be 4/6 - (-2)/6. Suppose 0 = -g*v + 3*y + 39, -v - 5*y + q = -0*v. What are the prime factors of v?
11
Let a(j) = -j**3 - 4*j**2 - 3*j + 4. Let l be a(-3). Suppose -2*c = -22 + l. What are the prime factors of c?
3
Suppose -2*f + 230 = -3*z + 6*z, -3*f + 359 